{"id":2406,"date":"2025-07-24T02:41:24","date_gmt":"2025-07-24T02:41:24","guid":{"rendered":"https:\/\/estudioletras.com\/?post_type=portfolio&#038;p=2406"},"modified":"2025-07-25T04:42:18","modified_gmt":"2025-07-25T04:42:18","slug":"instituto-celio-faria","status":"publish","type":"portfolio","link":"https:\/\/estudioletras.com\/pt\/portfolio\/instituto-celio-faria\/","title":{"rendered":"Instituto C\u00e9lio Faria"},"content":{"rendered":"<p>O Instituto de Beleza C\u00e9lio Faria \u00e9 um dos <strong>nomes mais tradicionais<\/strong> e reconhecidos em Belo Horizonte e S\u00e3o Paulo. O Est\u00fadio Letras foi respons\u00e1vel pelo rebranding do website do sal\u00e3o, adequando a comunica\u00e7\u00e3o digital como um todo: conte\u00fados escritos, imagens, organiza\u00e7\u00e3o, SEO, testes de usabilidade, capacidades responsiva do projeto e intera\u00e7\u00e3o com o utilizador.<\/p>","protected":false},"featured_media":2408,"template":"","meta":{"_acf_changed":true,"_joinchat":[]},"class_list":["post-2406","portfolio","type-portfolio","status-publish","has-post-thumbnail","hentry"],"acf":[],"_links":{"self":[{"href":"https:\/\/estudioletras.com\/pt\/wp-json\/wp\/v2\/portfolio\/2406","targetHints":{"allow":["GET"]}}],"collection":[{"href":"https:\/\/estudioletras.com\/pt\/wp-json\/wp\/v2\/portfolio"}],"about":[{"href":"https:\/\/estudioletras.com\/pt\/wp-json\/wp\/v2\/types\/portfolio"}],"wp:featuredmedia":[{"embeddable":true,"href":"https:\/\/estudioletras.com\/pt\/wp-json\/wp\/v2\/media\/2408"}],"wp:attachment":[{"href":"https:\/\/estudioletras.com\/pt\/wp-json\/wp\/v2\/media?parent=2406"}],"curies":[{"name":"wp","href":"https:\/\/api.w.org\/{rel}","templated":true}]}}

Instituto Célio Faria

<p>O Instituto de Beleza Célio Faria é um dos <strong>nomes mais tradicionais</strong> e reconhecidos em Belo Horizonte e São Paulo. O Estúdio Letras foi responsável pelo rebranding do website do salão, adequando a comunicação digital como um todo: conteúdos escritos, imagens, organização, SEO, testes de usabilidade, capacidades responsiva do projeto e interação com o utilizador.</p>
